{"id":8549,"date":"2024-05-10T09:42:26","date_gmt":"2024-05-10T13:42:26","guid":{"rendered":"https:\/\/sanasalud.cl\/landing\/?page_id=8549"},"modified":"2024-05-20T09:32:29","modified_gmt":"2024-05-20T13:32:29","slug":"promocion-blanqueamiento","status":"publish","type":"page","link":"https:\/\/sanasalud.cl\/landing\/promocion-blanqueamiento\/","title":{"rendered":"Sonrisas que sacan piropos con nuestro blanqueamiento dental"},"content":{"rendered":"<div class=\"wpb-content-wrapper\"><p>[vc_row layout=\u00bbboxed\u00bb content_placement=\u00bbmiddle\u00bb css=\u00bb.vc_custom_1715354573218{margin-top: 20px !important;}\u00bb][vc_column][vc_row_inner content_placement=\u00bbmiddle\u00bb][vc_column_inner width=\u00bb1\/3&#8243;][vc_single_image image=\u00bb8576&#8243; img_size=\u00bbfull\u00bb alignment=\u00bbcenter\u00bb][\/vc_column_inner][vc_column_inner width=\u00bb1\/3&#8243;][vc_empty_space][\/vc_column_inner][vc_column_inner width=\u00bb1\/3&#8243;][vc_raw_html]JTNDZGl2JTIwY2xhc3MlM0QlMjJoZWFkZXItY3VzdG9taXplJTIwaGVhZGVyLWN1c3RvbWl6ZS1yaWdodCUyMiUyMHN0eWxlJTNEJTIydGV4dC1hbGlnbiUzQWNlbnRlciUzQiUyMiUzRSUwQSUzQ2RpdiUyMGNsYXNzJTNEJTIyY3VzdG9tLXRleHQtd3JhcHBlciUyMGhlYWRlci1jdXN0b21pemUtaXRlbSUyMiUzRSUwQSUwOSUwOSUyMCUyMCUyMCUyMCUyMCUyMCUyMCUyMCUyMCUyMCUyMCUyMCUyMCUyMCUyMCUyMCUyMCUyMCUyMCUyMCUzQ2RpdiUyMGNsYXNzJTNEJTIyY29udGFjdC1pbmZvJTIyJTNFJTBBJTA5JTNDYSUyMGhyZWYlM0QlMjJ0ZWwlM0E2MDAtMDA2LTEwMDAlMjIlMjBjbGFzcyUzRCUyMmxpbmt0ZWwlMjIlM0UlM0NpJTIwY2xhc3MlM0QlMjJmYSUyMGZhLXBob25lJTIwZmEtbGclMjBpY29uby1zcyUyMiUzRSUzQyUyRmklM0UlMjAlM0NzcGFuJTIwY2xhc3MlM0QlMjJjb250YWN0b3MlMjIlM0U2MDAlMjAwMDYlMjAxMDAwJTNDJTJGc3BhbiUzRSUzQyUyRmElM0UlMjAlMjZuYnNwJTNCJTI2bmJzcCUzQiUwQSUwOSUzQ2ElMjBocmVmJTNEJTIyaHR0cHMlM0ElMkYlMkZhcGkud2hhdHNhcHAuY29tJTJGc2VuZCUzRnBob25lJTNENTY5OTgwNTAwNzYlMjIlMjBjbGFzcyUzRCUyMmxpbmt3c3AlMjIlM0UlM0NpJTIwY2xhc3MlM0QlMjJmYSUyMGZhLXdoYXRzYXBwJTIwZmEtbGclMjBpY29uby1zcyUyMiUyMGFyaWEtaGlkZGVuJTNEJTIydHJ1ZSUyMiUzRSUzQyUyRmklM0UlMjAlM0NzcGFuJTIwY2xhc3MlM0QlMjJjb250YWN0b3MlMjIlM0UlMjglMkI1NjklMjklMjA5ODA1JTIwMDAlMjA3NiUzQyUyRnNwYW4lM0UlM0MlMkZhJTNFJTBBJTNDJTJGZGl2JTNFJTIwJTIwJTIwJTIwJTIwJTIwJTIwJTIwJTIwJTIwJTIwJTIwJTIwJTIwJTIwJTIwJTA5JTNDJTJGZGl2JTNFJTBBJTA5JTNDJTJGZGl2JTNF[\/vc_raw_html][\/vc_column_inner][\/vc_row_inner][\/vc_column][\/vc_row][vc_row equal_height=\u00bbyes\u00bb content_placement=\u00bbmiddle\u00bb css=\u00bb.vc_custom_1715351399797{margin-top: 20px !important;margin-bottom: 0px !important;background-image: url(https:\/\/sanasalud.cl\/landing\/wp-content\/uploads\/2024\/05\/bg-Promocion-Blanqueamiento-Dental-Landing-Web-General-Digital-2024.jpg?id=8553) !important;background-position: center !important;background-repeat: no-repeat !important;background-size: cover !important;}\u00bb][vc_column][vc_row_inner layout=\u00bbboxed\u00bb][vc_column_inner width=\u00bb1\/2&#8243;][vc_single_image image=\u00bb8555&#8243; img_size=\u00bbfull\u00bb alignment=\u00bbcenter\u00bb css_animation=\u00bbfadeInUpBig\u00bb css=\u00bb.vc_custom_1715351307493{margin-bottom: 0px !important;}\u00bb][vc_btn title=\u00bbAgendar hora\u00bb style=\u00bbgradient\u00bb gradient_color_1=\u00bborange\u00bb gradient_color_2=\u00bbgreen\u00bb shape=\u00bbround\u00bb size=\u00bblg\u00bb align=\u00bbcenter\u00bb i_icon_fontawesome=\u00bbfas fa-arrow-right\u00bb css_animation=\u00bbfadeInDown\u00bb button_block=\u00bbtrue\u00bb add_icon=\u00bbtrue\u00bb link=\u00bburl:https%3A%2F%2Fff.healthatom.io%2FwcIZBy\u00bb css=\u00bb.vc_custom_1715351455487{margin-top: 0px !important;}\u00bb][\/vc_column_inner][vc_column_inner width=\u00bb1\/2&#8243;][vc_single_image image=\u00bb8554&#8243; img_size=\u00bbfull\u00bb alignment=\u00bbcenter\u00bb css_animation=\u00bbfadeInUpBig\u00bb][\/vc_column_inner][\/vc_row_inner][vc_empty_space height=\u00bb20px\u00bb][\/vc_column][\/vc_row][vc_row css=\u00bb.vc_custom_1714054594141{background-color: #ff8000 !important;}\u00bb][vc_column][vc_empty_space height=\u00bb50px\u00bb][vc_row_inner layout=\u00bbboxed\u00bb][vc_column_inner][vc_column_text]<\/p>\n<h2 style=\"text-align: center;\"><span style=\"color: #ffffff;\"><strong>Beneficios del Blanqueamiento Dental<\/strong><\/span><\/h2>\n<p>[\/vc_column_text][\/vc_column_inner][\/vc_row_inner][vc_row_inner layout=\u00bbboxed\u00bb][vc_column_inner width=\u00bb1\/3&#8243;][vc_icon type=\u00bbfontawesome\u00bb icon_fontawesome=\u00bbfar fa-grin-beam\u00bb color=\u00bbwhite\u00bb size=\u00bblg\u00bb align=\u00bbcenter\u00bb css=\u00bb.vc_custom_1714058886493{margin-bottom: 0px !important;padding-bottom: 0px !important;}\u00bb][vc_column_text]<\/p>\n<p style=\"text-align: center;\"><span style=\"color: #ffffff;\">Mejora tu confianza y la apariencia general de tu boca con una sonrisa m\u00e1s blanca.<\/span><\/p>\n<p>[\/vc_column_text][\/vc_column_inner][vc_column_inner width=\u00bb1\/3&#8243;][vc_icon type=\u00bbfontawesome\u00bb icon_fontawesome=\u00bbfar fa-surprise\u00bb color=\u00bbwhite\u00bb size=\u00bblg\u00bb align=\u00bbcenter\u00bb css=\u00bb.vc_custom_1714059244364{margin-bottom: 0px !important;padding-bottom: 0px !important;}\u00bb][vc_column_text]<\/p>\n<p style=\"text-align: center;\"><span style=\"color: #ffffff;\">Resultados en cada sesi\u00f3n. Notar\u00e1s la diferencia desde la primera sesi\u00f3n.<\/span><\/p>\n<p>[\/vc_column_text][\/vc_column_inner][vc_column_inner width=\u00bb1\/3&#8243;][vc_icon type=\u00bbfontawesome\u00bb icon_fontawesome=\u00bbfas fa-shield-alt\u00bb color=\u00bbwhite\u00bb size=\u00bblg\u00bb align=\u00bbcenter\u00bb css=\u00bb.vc_custom_1714059271814{margin-bottom: 0px !important;padding-bottom: 0px !important;}\u00bb][vc_column_text]<\/p>\n<p style=\"text-align: center;\"><span style=\"font-family: Rubik, sans-serif; margin-bottom: 0px; vertical-align: bottom; color: #ffffff;\">Seguro y eficaz. Profesionales especialistas en procedimientos dentales.<\/span><\/p>\n<p>[\/vc_column_text][\/vc_column_inner][\/vc_row_inner][vc_empty_space height=\u00bb50px\u00bb][\/vc_column][\/vc_row][vc_row][vc_column][vc_empty_space height=\u00bb50px\u00bb][vc_row_inner layout=\u00bbboxed\u00bb][vc_column_inner width=\u00bb1\/2&#8243;][vc_column_text]<\/p>\n<h2 data-pm-slice=\"1 1 []\"><strong>Precauciones y Cuidado Posterior al Procedimiento<\/strong><\/h2>\n<p>Es recomendable consultar a un dentista antes de comenzar cualquier tratamiento. Un profesional dental puede evaluar el estado de tu salud bucal y recomendarte el m\u00e9todo m\u00e1s adecuado. Adem\u00e1s, la sensibilidad dental es un efecto secundario com\u00fan del blanqueamiento, por lo que es esencial seguir las pautas de cuidado post-tratamiento y evitar alimentos y bebidas que puedan manchar tus dientes para mantener tu sonrisa blanca y saludable.[\/vc_column_text][vc_empty_space height=\u00bb10px\u00bb][\/vc_column_inner][vc_column_inner width=\u00bb1\/2&#8243;][vc_column_text]<\/p>\n<h2 data-pm-slice=\"1 3 []\"><strong>\u00bfCu\u00e1ndo est\u00e1 contraindicado el blanqueamiento dental?<\/strong><\/h2>\n<ul class=\"ak-ul\">\n<li>En pacientes con enfermedades periodontales, con caries no tratadas o con hipersensibilidad por destina expuesta, se recomienda no realizar el tratamiento.<\/li>\n<li>Mujeres embarazadas o en per\u00edodo de lactancia. Si tus dientes presentan fisuras profundas.<\/li>\n<\/ul>\n<p>[\/vc_column_text][\/vc_column_inner][\/vc_row_inner][vc_empty_space height=\u00bb50px\u00bb][\/vc_column][\/vc_row][vc_row css=\u00bb.vc_custom_1714053795549{background-color: #f7f7f7 !important;}\u00bb][vc_column][vc_empty_space height=\u00bb50px\u00bb][vc_row_inner layout=\u00bbboxed\u00bb gap=\u00bb35&#8243;][vc_column_inner][vc_column_text css=\u00bb.vc_custom_1714052666546{margin-top: 0px !important;padding-top: 0px !important;}\u00bb]<span style=\"font-size: 30px;\"><strong>Red dental <\/strong><\/span><span style=\"font-size: 30px; color: #ff8000;\"><strong>Sanasalud<\/strong><\/span>[\/vc_column_text][vc_column_text]<div id=\"wpgmza_map\" class=\"wpgmza_map\" data-settings=\"{&quot;id&quot;:&quot;2&quot;,&quot;map_title&quot;:&quot;Sana dental&quot;,&quot;map_width&quot;:&quot;100&quot;,&quot;map_height&quot;:&quot;400&quot;,&quot;map_start_lat&quot;:&quot;-33.60543364000394&quot;,&quot;map_start_lng&quot;:&quot;-71.09285114999999&quot;,&quot;map_start_location&quot;:&quot;&quot;,&quot;map_start_zoom&quot;:&quot;3&quot;,&quot;default_marker&quot;:&quot;\\\/\\\/sanasalud.cl\\\/landing\\\/wp-content\\\/uploads\\\/2023\\\/09\\\/pin.png&quot;,&quot;type&quot;:&quot;1&quot;,&quot;alignment&quot;:&quot;0&quot;,&quot;directions_enabled&quot;:&quot;0&quot;,&quot;styling_enabled&quot;:&quot;0&quot;,&quot;styling_json&quot;:&quot;&quot;,&quot;active&quot;:&quot;0&quot;,&quot;kml&quot;:&quot;&quot;,&quot;bicycle&quot;:&quot;0&quot;,&quot;traffic&quot;:&quot;0&quot;,&quot;dbox&quot;:&quot;1&quot;,&quot;dbox_width&quot;:&quot;100&quot;,&quot;listmarkers&quot;:&quot;0&quot;,&quot;listmarkers_advanced&quot;:&quot;0&quot;,&quot;filterbycat&quot;:&quot;1&quot;,&quot;ugm_enabled&quot;:&quot;0&quot;,&quot;ugm_category_enabled&quot;:&quot;0&quot;,&quot;fusion&quot;:&quot;&quot;,&quot;map_width_type&quot;:&quot;%&quot;,&quot;map_height_type&quot;:&quot;px&quot;,&quot;mass_marker_support&quot;:&quot;0&quot;,&quot;ugm_access&quot;:&quot;0&quot;,&quot;order_markers_by&quot;:&quot;1&quot;,&quot;order_markers_choice&quot;:&quot;1&quot;,&quot;show_user_location&quot;:&quot;0&quot;,&quot;default_to&quot;:&quot;&quot;,&quot;other_settings&quot;:{&quot;map_type&quot;:1,&quot;sl_stroke_color&quot;:&quot;#ff0000&quot;,&quot;sl_fill_color&quot;:&quot;#ff0000&quot;,&quot;sl_stroke_opacity&quot;:&quot;1&quot;,&quot;sl_fill_opacity&quot;:&quot;0.5&quot;,&quot;transport_layer&quot;:false,&quot;shortcodeAttributes&quot;:{&quot;id&quot;:&quot;2&quot;},&quot;action&quot;:&quot;wpgmza_save_map&quot;,&quot;redirect_to&quot;:&quot;\\\/landing\\\/wp-admin\\\/admin-post.php&quot;,&quot;map_id&quot;:&quot;2&quot;,&quot;http_referer&quot;:&quot;\\\/wp-admin\\\/admin.php?page=wp-google-maps-menu&amp;amp;action=edit&amp;amp;map_id=5&quot;,&quot;wpgmza_id&quot;:&quot;5&quot;,&quot;wpgmza_start_location&quot;:&quot;-33.60543364000394,-71.09285114999999&quot;,&quot;wpgmza_start_zoom&quot;:&quot;8&quot;,&quot;wpgmza_theme&quot;:&quot;0&quot;,&quot;wpgmza_theme_data&quot;:&quot;[]&quot;,&quot;wpgmza_dbox_width_type&quot;:&quot;%&quot;,&quot;default_from&quot;:&quot;&quot;,&quot;directions_behaviour&quot;:&quot;intelligent&quot;,&quot;force_google_directions_app&quot;:false,&quot;directions_route_origin_icon&quot;:&quot;https:\\\/\\\/sanasalud.cl\\\/stuff\\\/plugins\\\/wp-google-maps\\\/images\\\/spotlight-poi3.png&quot;,&quot;directions_origin_retina&quot;:false,&quot;directions_route_destination_icon&quot;:&quot;https:\\\/\\\/sanasalud.cl\\\/stuff\\\/plugins\\\/wp-google-maps\\\/images\\\/spotlight-poi3.png&quot;,&quot;directions_destination_retina&quot;:false,&quot;directions_route_stroke_color&quot;:&quot;#4f8df5&quot;,&quot;directions_route_stroke_weight&quot;:&quot;4&quot;,&quot;directions_route_stroke_opacity&quot;:&quot;0.8&quot;,&quot;directions_fit_bounds_to_route&quot;:false,&quot;store_locator_enabled&quot;:false,&quot;store_locator_search_area&quot;:&quot;radial&quot;,&quot;wpgmza_store_locator_radius_style&quot;:&quot;modern&quot;,&quot;wpgmza_store_locator_default_radius&quot;:&quot;25&quot;,&quot;store_locator_auto_area_max_zoom&quot;:&quot;&quot;,&quot;wpgmza_store_locator_restrict&quot;:&quot;cl&quot;,&quot;store_locator_distance&quot;:false,&quot;wpgmza_store_locator_position&quot;:false,&quot;store_locator_show_distance&quot;:false,&quot;store_locator_category&quot;:false,&quot;wpgmza_store_locator_use_their_location&quot;:false,&quot;wpgmza_store_locator_bounce&quot;:false,&quot;upload_default_sl_marker&quot;:&quot;&quot;,&quot;upload_default_sl_marker_retina&quot;:false,&quot;wpgmza_sl_animation&quot;:&quot;2&quot;,&quot;wpgmza_store_locator_hide_before_search&quot;:false,&quot;store_locator_query_string&quot;:&quot;&quot;,&quot;store_locator_location_placeholder&quot;:&quot;&quot;,&quot;store_locator_default_address&quot;:&quot;&quot;,&quot;store_locator_name_search&quot;:false,&quot;store_locator_name_string&quot;:&quot;&quot;,&quot;store_locator_not_found_message&quot;:&quot;&quot;,&quot;retina&quot;:false,&quot;wpgmza_map_align&quot;:&quot;3&quot;,&quot;upload_default_ul_marker&quot;:&quot;&quot;,&quot;upload_default_ul_marker_retina&quot;:false,&quot;jump_to_nearest_marker_on_initialization&quot;:false,&quot;automatically_pan_to_users_location&quot;:false,&quot;override_users_location_zoom_level&quot;:false,&quot;override_users_location_zoom_levels&quot;:&quot;&quot;,&quot;show_distance_from_location&quot;:false,&quot;map_max_zoom&quot;:&quot;21&quot;,&quot;map_min_zoom&quot;:&quot;0&quot;,&quot;click_open_link&quot;:false,&quot;fit_maps_bounds_to_markers&quot;:true,&quot;fit_maps_bounds_to_markers_after_filtering&quot;:true,&quot;hide_point_of_interest&quot;:false,&quot;wpgmza_zoom_on_marker_click&quot;:true,&quot;wpgmza_zoom_on_marker_click_slider&quot;:&quot;20&quot;,&quot;close_infowindow_on_map_click&quot;:true,&quot;disable_lightbox_images&quot;:true,&quot;use_Raw_Jpeg_Coordinates&quot;:false,&quot;polygon_labels&quot;:false,&quot;disable_polygon_info_windows&quot;:false,&quot;enable_advanced_custom_fields_integration&quot;:false,&quot;enable_advanced_custom_fields_integration_type&quot;:&quot;&quot;,&quot;enable_toolset_woocommerce_integration&quot;:false,&quot;enable_woo_product_integration&quot;:false,&quot;only_load_markers_within_viewport&quot;:false,&quot;iw_primary_color&quot;:&quot;#000000&quot;,&quot;iw_accent_color&quot;:&quot;#000000&quot;,&quot;iw_text_color&quot;:&quot;#000000&quot;,&quot;wpgmza_listmarkers_by&quot;:&quot;2&quot;,&quot;wpgmza_marker_listing_position&quot;:false,&quot;wpgmza_push_in_map&quot;:true,&quot;wpgmza_push_in_map_placement&quot;:&quot;1&quot;,&quot;wpgmza_push_in_map_width&quot;:&quot;&quot;,&quot;wpgmza_push_in_map_height&quot;:&quot;400px&quot;,&quot;zoom_level_on_marker_listing_override&quot;:true,&quot;zoom_level_on_marker_listing_click&quot;:&quot;4&quot;,&quot;marker_listing_disable_zoom&quot;:true,&quot;datatable_no_result_message&quot;:&quot;&quot;,&quot;remove_search_box_datables&quot;:true,&quot;dataTable_pagination_style&quot;:&quot;default&quot;,&quot;datatable_search_string&quot;:&quot;&quot;,&quot;datatable_result_start&quot;:&quot;&quot;,&quot;datatable_result_of&quot;:&quot;&quot;,&quot;datatable_result_to&quot;:&quot;&quot;,&quot;datatable_result_total&quot;:&quot;&quot;,&quot;datatable_result_show&quot;:&quot;&quot;,&quot;datatable_result_entries&quot;:&quot;&quot;,&quot;wpgmza_savemap&quot;:&quot;Guardar Mapa \\u00bb&quot;,&quot;directions_box_style&quot;:&quot;default&quot;,&quot;wpgmza_iw_type&quot;:&quot;0&quot;,&quot;marker_listing_component_anchor&quot;:10}}\" data-map-id='2' Data-maps-engine='open-layers' data-shortcode-attributes=\"{&quot;id&quot;:&quot;2&quot;}\" style=\"display:block; overflow:auto; width:100%; height:400px; float:right;\"><\/div>[\/vc_column_text][vc_btn title=\u00bbAgendar hora\u00bb style=\u00bbgradient\u00bb gradient_color_1=\u00bborange\u00bb gradient_color_2=\u00bbgreen\u00bb shape=\u00bbround\u00bb size=\u00bblg\u00bb align=\u00bbcenter\u00bb i_icon_fontawesome=\u00bbfas fa-arrow-right\u00bb css_animation=\u00bbfadeInDown\u00bb button_block=\u00bbtrue\u00bb add_icon=\u00bbtrue\u00bb link=\u00bburl:https%3A%2F%2Fff.healthatom.io%2FwcIZBy\u00bb css=\u00bb.vc_custom_1715351455487{margin-top: 0px !important;}\u00bb][\/vc_column_inner][\/vc_row_inner][vc_empty_space height=\u00bb50px\u00bb][\/vc_column][\/vc_row]<\/p>\n<\/div>","protected":false},"excerpt":{"rendered":"<p>[vc_row layout=\u00bbboxed\u00bb content_placement=\u00bbmiddle\u00bb css=\u00bb.vc_custom_1715354573218{margin-top: 20px !important;}\u00bb][vc_column][vc_row_inner content_placement=\u00bbmiddle\u00bb][vc_column_inner width=\u00bb1\/3&#8243;][vc_single_image image=\u00bb8576&#8243; img_size=\u00bbfull\u00bb alignment=\u00bbcenter\u00bb][\/vc_column_inner][vc_column_inner width=\u00bb1\/3&#8243;][vc_empty_space][\/vc_column_inner][vc_column_inner width=\u00bb1\/3&#8243;][vc_raw_html]JTNDZGl2JTIwY2xhc3MlM0QlMjJoZWFkZXItY3VzdG9taXplJTIwaGVhZGVyLWN1c3RvbWl6ZS1yaWdodCUyMiUyMHN0eWxlJTNEJTIydGV4dC1hbGlnbiUzQWNlbnRlciUzQiUyMiUzRSUwQSUzQ2RpdiUyMGNsYXNzJTNEJTIyY3VzdG9tLXRleHQtd3JhcHBlciUyMGhlYWRlci1jdXN0b21pemUtaXRlbSUyMiUzRSUwQSUwOSUwOSUyMCUyMCUyMCUyMCUyMCUyMCUyMCUyMCUyMCUyMCUyMCUyMCUyMCUyMCUyMCUyMCUyMCUyMCUyMCUyMCUzQ2RpdiUyMGNsYXNzJTNEJTIyY29udGFjdC1pbmZvJTIyJTNFJTBBJTA5JTNDYSUyMGhyZWYlM0QlMjJ0ZWwlM0E2MDAtMDA2LTEwMDAlMjIlMjBjbGFzcyUzRCUyMmxpbmt0ZWwlMjIlM0UlM0NpJTIwY2xhc3MlM0QlMjJmYSUyMGZhLXBob25lJTIwZmEtbGclMjBpY29uby1zcyUyMiUzRSUzQyUyRmklM0UlMjAlM0NzcGFuJTIwY2xhc3MlM0QlMjJjb250YWN0b3MlMjIlM0U2MDAlMjAwMDYlMjAxMDAwJTNDJTJGc3BhbiUzRSUzQyUyRmElM0UlMjAlMjZuYnNwJTNCJTI2bmJzcCUzQiUwQSUwOSUzQ2ElMjBocmVmJTNEJTIyaHR0cHMlM0ElMkYlMkZhcGkud2hhdHNhcHAuY29tJTJGc2VuZCUzRnBob25lJTNENTY5OTgwNTAwNzYlMjIlMjBjbGFzcyUzRCUyMmxpbmt3c3AlMjIlM0UlM0NpJTIwY2xhc3MlM0QlMjJmYSUyMGZhLXdoYXRzYXBwJTIwZmEtbGclMjBpY29uby1zcyUyMiUyMGFyaWEtaGlkZGVuJTNEJTIydHJ1ZSUyMiUzRSUzQyUyRmklM0UlMjAlM0NzcGFuJTIwY2xhc3MlM0QlMjJjb250YWN0b3MlMjIlM0UlMjglMkI1NjklMjklMjA5ODA1JTIwMDAlMjA3NiUzQyUyRnNwYW4lM0UlM0MlMkZhJTNFJTBBJTNDJTJGZGl2JTNFJTIwJTIwJTIwJTIwJTIwJTIwJTIwJTIwJTIwJTIwJTIwJTIwJTIwJTIwJTIwJTIwJTA5JTNDJTJGZGl2JTNFJTBBJTA5JTNDJTJGZGl2JTNF[\/vc_raw_html][\/vc_column_inner][\/vc_row_inner][\/vc_column][\/vc_row][vc_row equal_height=\u00bbyes\u00bb content_placement=\u00bbmiddle\u00bb css=\u00bb.vc_custom_1715351399797{margin-top: 20px !important;margin-bottom: 0px !important;background-image: url(https:\/\/sanasalud.cl\/landing\/wp-content\/uploads\/2024\/05\/bg-Promocion-Blanqueamiento-Dental-Landing-Web-General-Digital-2024.jpg?id=8553) !important;background-position: center !important;background-repeat: no-repeat !important;background-size: cover !important;}\u00bb][vc_column][vc_row_inner layout=\u00bbboxed\u00bb][vc_column_inner width=\u00bb1\/2&#8243;][vc_single_image image=\u00bb8555&#8243; img_size=\u00bbfull\u00bb alignment=\u00bbcenter\u00bb css_animation=\u00bbfadeInUpBig\u00bb css=\u00bb.vc_custom_1715351307493{margin-bottom: 0px !important;}\u00bb][vc_btn title=\u00bbAgendar hora\u00bb style=\u00bbgradient\u00bb gradient_color_1=\u00bborange\u00bb gradient_color_2=\u00bbgreen\u00bb shape=\u00bbround\u00bb size=\u00bblg\u00bb align=\u00bbcenter\u00bb i_icon_fontawesome=\u00bbfas fa-arrow-right\u00bb css_animation=\u00bbfadeInDown\u00bb button_block=\u00bbtrue\u00bb add_icon=\u00bbtrue\u00bb link=\u00bburl:https%3A%2F%2Fff.healthatom.io%2FwcIZBy\u00bb css=\u00bb.vc_custom_1715351455487{margin-top: 0px !important;}\u00bb][\/vc_column_inner][vc_column_inner width=\u00bb1\/2&#8243;][vc_single_image&#8230; <a class=\"read-more p-color\" rel=\"bookmark\" title=\"Sonrisas que sacan piropos con nuestro blanqueamiento dental\" href=\"https:\/\/sanasalud.cl\/landing\/promocion-blanqueamiento\/\">View more<\/a><\/p>\n","protected":false},"author":5,"featured_media":0,"parent":0,"menu_order":0,"comment_status":"closed","ping_status":"closed","template":"","meta":{"footnotes":""},"class_list":["post-8549","page","type-page","status-publish","hentry"],"_links":{"self":[{"href":"https:\/\/sanasalud.cl\/landing\/wp-json\/wp\/v2\/pages\/8549","targetHints":{"allow":["GET"]}}],"collection":[{"href":"https:\/\/sanasalud.cl\/landing\/wp-json\/wp\/v2\/pages"}],"about":[{"href":"https:\/\/sanasalud.cl\/landing\/wp-json\/wp\/v2\/types\/page"}],"author":[{"embeddable":true,"href":"https:\/\/sanasalud.cl\/landing\/wp-json\/wp\/v2\/users\/5"}],"replies":[{"embeddable":true,"href":"https:\/\/sanasalud.cl\/landing\/wp-json\/wp\/v2\/comments?post=8549"}],"version-history":[{"count":4,"href":"https:\/\/sanasalud.cl\/landing\/wp-json\/wp\/v2\/pages\/8549\/revisions"}],"predecessor-version":[{"id":8580,"href":"https:\/\/sanasalud.cl\/landing\/wp-json\/wp\/v2\/pages\/8549\/revisions\/8580"}],"wp:attachment":[{"href":"https:\/\/sanasalud.cl\/landing\/wp-json\/wp\/v2\/media?parent=8549"}],"curies":[{"name":"wp","href":"https:\/\/api.w.org\/{rel}","templated":true}]}}